{"id":467,"date":"2021-09-21T00:57:05","date_gmt":"2021-09-21T00:57:05","guid":{"rendered":"https:\/\/barglings.de\/?page_id=467"},"modified":"2025-12-15T14:00:28","modified_gmt":"2025-12-15T14:00:28","slug":"online-reservierung","status":"publish","type":"page","link":"https:\/\/barglings.de\/index.php\/online-reservierung\/","title":{"rendered":"Online Reservierung"},"content":{"rendered":"\n<p><\/p>\n\n\n\n<p>Wir reservieren dir deinen Tisch, sofern nicht anders gew\u00fcnscht, f\u00fcr einen Zeitraum von 2,5 Stunden. Bei Gruppen von mehr als 10 Personen bitte pers\u00f6nlich per Telefon oder vor Ort reservieren.<\/p>\n\n\n\n<p><strong>Betriebsurlaub vom 22.12.-5.1.2026<\/strong><\/p>\n\n\n\n<div id=\"resmio-barglings\"><\/div>\n<script>(function(d, s) {\n    var js, rjs = d.getElementsByTagName(s)[0];\n    js = d.createElement(s);\n    js.src = \"\/\/static.resmio.com\/static\/de\/widget.js#id=barglings&height=500&width=300&fontSize=16px&backgroundColor=%23faf8f8&color=%23000000&linkBackgroundColor=%2307a7c4&facebookLogin=true&newsletterSignup=false&commentsDisabled=false\";\n    rjs.parentNode.insertBefore(js, rjs);\n}(document, \"script\"));\n<\/script>\n\n\n\n<p>Trage deine Reservierungsanfrage ein und wir melden uns zeitnah bei dir! \ud83c\udf54 <\/p>\n","protected":false},"excerpt":{"rendered":"<p>Wir reservieren dir deinen Tisch, sofern nicht anders gew\u00fcnscht, f\u00fcr einen Zeitraum von 2,5 Stunden. Bei Gruppen von mehr als 10 Personen bitte pers\u00f6nlich per Telefon oder vor Ort reservieren. Betriebsurlaub vom 22.12.-5.1.2026 Trage deine Reservierungsanfrage ein und wir melden uns zeitnah bei dir! \ud83c\udf54<\/p>\n","protected":false},"author":2,"featured_media":0,"parent":0,"menu_order":0,"comment_status":"closed","ping_status":"closed","template":"","meta":{"footnotes":""},"class_list":["post-467","page","type-page","status-publish","hentry"],"_links":{"self":[{"href":"https:\/\/barglings.de\/index.php\/wp-json\/wp\/v2\/pages\/467","targetHints":{"allow":["GET"]}}],"collection":[{"href":"https:\/\/barglings.de\/index.php\/wp-json\/wp\/v2\/pages"}],"about":[{"href":"https:\/\/barglings.de\/index.php\/wp-json\/wp\/v2\/types\/page"}],"author":[{"embeddable":true,"href":"https:\/\/barglings.de\/index.php\/wp-json\/wp\/v2\/users\/2"}],"replies":[{"embeddable":true,"href":"https:\/\/barglings.de\/index.php\/wp-json\/wp\/v2\/comments?post=467"}],"version-history":[{"count":8,"href":"https:\/\/barglings.de\/index.php\/wp-json\/wp\/v2\/pages\/467\/revisions"}],"predecessor-version":[{"id":1048,"href":"https:\/\/barglings.de\/index.php\/wp-json\/wp\/v2\/pages\/467\/revisions\/1048"}],"wp:attachment":[{"href":"https:\/\/barglings.de\/index.php\/wp-json\/wp\/v2\/media?parent=467"}],"curies":[{"name":"wp","href":"https:\/\/api.w.org\/{rel}","templated":true}]}}