{"id":242,"date":"2021-02-28T15:17:39","date_gmt":"2021-02-28T15:17:39","guid":{"rendered":"https:\/\/neu.barglings.de\/?page_id=242"},"modified":"2026-04-03T13:05:43","modified_gmt":"2026-04-03T13:05:43","slug":"termine-events","status":"publish","type":"page","link":"https:\/\/barglings.de\/index.php\/termine-events\/","title":{"rendered":"Termine &#038; Events"},"content":{"rendered":"\n<p>Tanz mit uns in den Mai! Wir sorgen f\u00fcr k\u00fchle Drinks und leckeres vom Grill. Keine Tischreservierung m\u00f6glich &#8211; kommt einfach spontan vorbei! Eintritt ist frei \ud83c\udf89<\/p>\n\n\n\n<figure class=\"wp-block-image size-large\"><img loading=\"lazy\" decoding=\"async\" width=\"768\" height=\"1024\" src=\"https:\/\/barglings.de\/wp-content\/uploads\/A6435734-AEA6-4E66-ADB6-D959432B0F3F-768x1024.jpeg\" alt=\"\" class=\"wp-image-1069\" srcset=\"https:\/\/barglings.de\/wp-content\/uploads\/A6435734-AEA6-4E66-ADB6-D959432B0F3F-768x1024.jpeg 768w, https:\/\/barglings.de\/wp-content\/uploads\/A6435734-AEA6-4E66-ADB6-D959432B0F3F-225x300.jpeg 225w, https:\/\/barglings.de\/wp-content\/uploads\/A6435734-AEA6-4E66-ADB6-D959432B0F3F.jpeg 946w\" sizes=\"auto, (max-width: 768px) 100vw, 768px\" \/><\/figure>\n\n\n\n<figure class=\"wp-block-image size-large\"><img loading=\"lazy\" decoding=\"async\" width=\"1024\" height=\"702\" src=\"https:\/\/barglings.de\/wp-content\/uploads\/IMG_8927-1024x702.jpeg\" alt=\"\" class=\"wp-image-1050\" srcset=\"https:\/\/barglings.de\/wp-content\/uploads\/IMG_8927-1024x702.jpeg 1024w, https:\/\/barglings.de\/wp-content\/uploads\/IMG_8927-300x206.jpeg 300w, https:\/\/barglings.de\/wp-content\/uploads\/IMG_8927-768x526.jpeg 768w, https:\/\/barglings.de\/wp-content\/uploads\/IMG_8927.jpeg 1179w\" sizes=\"auto, (max-width: 1024px) 100vw, 1024px\" \/><\/figure>\n\n\n\n<p><br><\/p>\n\n\n\n<h2 class=\"wp-block-heading\">Anmeldung f\u00fcr das BARGLINGS BEACHVOLLEYBALL MASTER 2026:<\/h2>\n\n\n\n<p><a href=\"https:\/\/tournifyapp.com\/live\/barglings2026\">https:\/\/tournifyapp.com\/live\/barglings2026<\/a><\/p>\n\n\n\n<figure class=\"wp-block-gallery has-nested-images columns-default is-cropped wp-block-gallery-1 is-layout-flex wp-block-gallery-is-layout-flex\">\n<figure class=\"wp-block-image size-large\"><img loading=\"lazy\" decoding=\"async\" width=\"866\" height=\"1024\" data-id=\"958\" src=\"https:\/\/barglings.de\/wp-content\/uploads\/IMG_7197-866x1024.png\" alt=\"\" class=\"wp-image-958\" srcset=\"https:\/\/barglings.de\/wp-content\/uploads\/IMG_7197-866x1024.png 866w, https:\/\/barglings.de\/wp-content\/uploads\/IMG_7197-254x300.png 254w, https:\/\/barglings.de\/wp-content\/uploads\/IMG_7197-768x908.png 768w, https:\/\/barglings.de\/wp-content\/uploads\/IMG_7197.png 1068w\" sizes=\"auto, (max-width: 866px) 100vw, 866px\" \/><\/figure>\n<\/figure>\n\n\n\n<figure class=\"wp-block-pullquote is-style-default\"><blockquote><p><strong>Jeden Mittwoch von 16-21 Uhr:<\/strong><\/p><cite>Rippchen frisch aus dem Smoker mit Knobibrot, Kr\u00e4uterdip &amp; bbq-sosse<em> <\/em><\/cite><\/blockquote><\/figure>\n\n\n\n<figure class=\"wp-block-pullquote\"><blockquote><p><strong>Anfragen Veranstaltungen &amp; Events<\/strong><\/p><cite><br>events@barglings.de<\/cite><\/blockquote><\/figure>\n\n\n\n<script data-resmio-button=\"barglings\" data-resmio-buttontext=\"Jetzt%20reservieren\" data-resmio-fontsize=\"16px\" data-resmio-fontcolor=\"%23FFFFFF\" data-resmio-buttoncolor=\"%2300A7C4\" data-resmio-bordercolor=\"%23ffffff\" data-resmio-borderwidth=\"0\" data-resmio-buttonshadow=\"true\" data-resmio-widget-color=\"%23000000\" data-resmio-widget-width=\"300\" data-resmio-widget-height=\"500\" data-resmio-widget-fontsize=\"16px\" data-resmio-widget-facebooklogin=\"true\" data-resmio-widget-backgroundcolor=\"%23faf8f8\" data-resmio-widget-commentsdisabled=\"false\" data-resmio-widget-newslettersignup=\"false\" data-resmio-widget-linkbackgroundcolor=\"%2307a7c4\">\n  (function(d, s) {\n    var js, rjs = d.getElementsByTagName(s)[0];\n    js = d.createElement(s);\n    js.src = \"\/\/static.resmio.com\/static\/de\/button.js\";\n    js.async = true;\n   rjs.parentNode.insertBefore(js, rjs); }(document, \"script\")\n  );\n<\/script>\n\n\n\n<p><\/p>\n\n\n\n<p><\/p>\n","protected":false},"excerpt":{"rendered":"<p>Tanz mit uns in den Mai! Wir sorgen f\u00fcr k\u00fchle Drinks und leckeres vom Grill. Keine Tischreservierung m\u00f6glich &#8211; kommt einfach spontan vorbei! Eintritt ist frei \ud83c\udf89 Anmeldung f\u00fcr das BARGLINGS BEACHVOLLEYBALL MASTER 2026: https:\/\/tournifyapp.com\/live\/barglings2026 Jeden Mittwoch von 16-21 Uhr: Rippchen frisch aus dem Smoker mit Knobibrot, Kr\u00e4uterdip &amp; bbq-sosse Anfragen Veranstaltungen &amp; Events events@barglings.de<\/p>\n","protected":false},"author":1,"featured_media":0,"parent":0,"menu_order":2,"comment_status":"closed","ping_status":"closed","template":"","meta":{"footnotes":""},"class_list":["post-242","page","type-page","status-publish","hentry"],"_links":{"self":[{"href":"https:\/\/barglings.de\/index.php\/wp-json\/wp\/v2\/pages\/242","targetHints":{"allow":["GET"]}}],"collection":[{"href":"https:\/\/barglings.de\/index.php\/wp-json\/wp\/v2\/pages"}],"about":[{"href":"https:\/\/barglings.de\/index.php\/wp-json\/wp\/v2\/types\/page"}],"author":[{"embeddable":true,"href":"https:\/\/barglings.de\/index.php\/wp-json\/wp\/v2\/users\/1"}],"replies":[{"embeddable":true,"href":"https:\/\/barglings.de\/index.php\/wp-json\/wp\/v2\/comments?post=242"}],"version-history":[{"count":206,"href":"https:\/\/barglings.de\/index.php\/wp-json\/wp\/v2\/pages\/242\/revisions"}],"predecessor-version":[{"id":1070,"href":"https:\/\/barglings.de\/index.php\/wp-json\/wp\/v2\/pages\/242\/revisions\/1070"}],"wp:attachment":[{"href":"https:\/\/barglings.de\/index.php\/wp-json\/wp\/v2\/media?parent=242"}],"curies":[{"name":"wp","href":"https:\/\/api.w.org\/{rel}","templated":true}]}}